= 30*y - 8. Suppose -3*l - 2*l = -25, -421 = -y*b + 3*l. List the prime factors of b.
109
Let f be (-6)/15 - 369/15. Let d = 64 + -105. Let t = f - d. List the prime factors of t.
2
Suppose -5*t - 1292 - 53 = 0. Let l = -184 - t. List the prime factors of l.
5, 17
Suppose 0 = -3*v - h + 1808, 0 = -v - 2*h - 0*h + 596. List the prime factors of v.
2, 151
List the prime factors of 2/(-11) + 13/(-286)*-38262.
37, 47
Let y(o) = -2*o + 4. Let x be y(4). List the prime factors of 1*x/(-14) - 1700/(-28).
61
Let y(t) be the first derivative of 5*t**4/12 + t**3/2 + 5*t**2/2 + 10. Let d(a) be the second derivative of y(a). List the prime factors of d(4).
43
Suppose -14*y - 25*y + 6474 = 0. What are the prime factors of y?
2, 83
Let z = 643 + -244. List the prime factors of z.
3, 7, 19
Let g(f) = 9*f - 4. Let d(a) = -8*a + 3. Let z(n) = 6*d(n) + 5*g(n). Let q be z(-2). Suppose 4*u = q*s - 32, -4*s - s + 34 = u. List the prime factors of s.
7
Let l be (-16)/2 + 6 + -1 + -6. What are the prime factors of 2/(-11) - l/((-99)/(-970))?
2, 11
Suppose 0*a + 7*a - 70 = 0. Let b be ((-6)/(-4))/(9/18). Let y = a - b. What are the prime factors of y?
7
Suppose -2*i = -54 - 106. Let a = i + -33. What are the prime factors of a?
47
Suppose 2*a - 36 = -4*u, 0 = 2*u + 3*a - 4 - 6. Let r = u + -9. Suppose 2*f - 64 = -r*f. List the prime factors of f.
2
Let b = -19 + 35. Let i = 23 + -19. List the prime factors of (-12)/b + 91/i.
2, 11
Let i(u) = -u**2 - 16*u - 16. Let v be i(-14). Suppose -5*b - j = -18, b - 4*j = j - v. Suppose -b*k + 65 = -55. What are the prime factors of k?
2, 5
List the prime factors of (54156/(-16))/((-66)/88).
4513
Let p(x) = x**2 + 15*x + 7. Let v be p(-14). Let n = 8 - v. List the prime factors of n.
3, 5
Let p be 7/14 + 10/4. Suppose -p*y - 8*y + 2431 = 0. List the prime factors of y.
13, 17
Suppose -114*z - 78871 = -371395. List the prime factors of z.
2, 1283
Let z = -78 + 272. Suppose 3*m + 132 = -m + 5*y, 5*m + y = -z. Let w = 75 + m. What are the prime factors of w?
37
Suppose -y = -4*y + 168. Let m(g) = 15*g**2 + 1. Let w be m(1). Suppose p - w = -3*p, 0 = 4*n - p - y. What are the prime factors of n?
3, 5
Suppose 3*x - 19*x = 3904. Let r = 577 + x. List the prime factors of r.
3, 37
Suppose -5*h - i - 42 = 0, -3*h + 4*i + 24 = -7*h. List the prime factors of 210/(-4)*12/h.
2, 5, 7
Let g(y) = 1129*y - 27. What are the prime factors of g(1)?
2, 19, 29
Let n = -266 - -425. What are the prime factors of n?
3, 53
Suppose -3*n + 239 = 2*i, 2*i = -0*n + n + 235. Let d be (3 - -3)*(-12)/(-9). Suppose -d*r - z + i = -4*r, -5*r + 151 = 3*z. List the prime factors of r.
29
Let t(z) = z**2 - z. Let j(p) = -p - 5. Let v(a) = -j(a) + 3*t(a). Let g be v(-8). Suppose 5*f = 2*f + g. What are the prime factors of f?
71
Let n(f) = -43*f**3 + 5*f**2 - 3*f - 8. List the prime factors of n(-3).
17, 71
Let i(s) = 12*s**2 - 7*s + 37. What are the prime factors of i(8)?
7, 107
Let v(x) = x**3 - 4*x**2 - 10*x + 9. Let f be v(6). Suppose -q + 56 - f = 0. List the prime factors of q.
5, 7
Let k = 3415 + -2411. List the prime factors of k.
2, 251
Suppose 5*s + 2*d = 4*d + 16827, s + 2*d = 3375. List the prime factors of s.
7, 13, 37
Suppose -q - 3*q - 8 = -5*r, 10 = -5*q. Suppose 3*h - 2*z = 177, r*z = h + 4*z - 45. What are the prime factors of h?
3, 19
Suppose 0*y = 4*y, 0 = -2*s - 3*y + 2. Suppose 11 = 3*i - 5*t, -2*t + t + s = i. What are the prime factors of i?
2
Let v be 1 - 250/(-5 - 0). Let u = v - -17. List the prime factors of u.
2, 17
Suppose 12 = -4*t - 0. Let b = t + 5. Suppose 4*u - 100 = b*o, u + u - 5*o - 58 = 0. What are the prime factors of u?
2, 3
List the prime factors of (-1)/(-4) + (-7733)/(-44).
2, 11
Suppose 7*z - 338 = 978. Suppose z = 3*o + 2*o + q, -3 = -q. What are the prime factors of o?
37
Let s(n) = -n**3 + 6*n**2 - 4*n - 2. Let z be s(5). Let i be (-11)/(1 - 2/z). Let w = -12 - i. What are the prime factors of w?
3, 7
What are the prime factors of (-9)/(-42)*22996 - 154/(-539)?
2, 7, 11
Suppose 58*z - 63*z = 5*b - 5180, 3*z - 4147 = -4*b. What are the prime factors of b?
1039
Suppose -2634 = -3*u - 357. What are the prime factors of u?
3, 11, 23
Suppose -2*a - 9 = -5*a. Suppose -4*y + 15 = a. Let b = 46 - y. List the prime factors of b.
43
Suppose 0 = 7*b - 3*b + 2*x - 3124, -5*b + x = -3891. Suppose 5*z + 249 = b. What are the prime factors of z?
2, 53
Suppose -3*v = 4*v. Suppose 2*y = -v*y + 16. What are the prime factors of y?
2
Let i be (-3 - 0)*(-16)/3. List the prime factors of (-7)/(28/i)*-8.
2
Let j be (-4 + 1)*(-12)/(-9). Let w(y) be the second derivative of -y**5/20 - y**4/4 - y**3/6 - 3*y**2/2 + y. What are the prime factors of w(j)?
17
Let j(b) be the third derivative of -b**5/60 - 19*b**4/24 - 29*b**3/6 + b**2. List the prime factors of j(-12).
5, 11
Suppose -4*b + 1437 = 3*h - b, -2*h + 3*b = -953. List the prime factors of h.
2, 239
Suppose 4*u - 113 = 5*a, -3*u - 3*a = -5*a - 83. Let j = 19 - u. Let k = j - -15. What are the prime factors of k?
7
Let s(v) = v**2 - v - 5. Let q = -9 + 17. Suppose 8*g - 6*g - q = 0. List the prime factors of s(g).
7
Suppose 4*b = 25 + 107. Let m = -17 + b. Suppose d = 25 + m. List the prime factors of d.
41
Let c be 2 - -1*6/3. Suppose -3*l - 4*z - 4 = 0, -c*l = 2*z - 7*z - 36. Suppose 2*o - 6*n + 3*n = 14, 2*n = l*o - 28. List the prime factors of o.
7
Let l(v) = -112*v + 1183. What are the prime factors of l(-19)?
7, 11, 43
What are the prime factors of (-33 + -5)/((1 - -1)/(-2))?
2, 19
Suppose 4*u - 2515 = 3*r, -2*r + 1883 = 3*u - r. What are the prime factors of u?
2, 157
Let h(s) = -41*s - 184. List the prime factors of h(-19).
5, 7, 17
Suppose 17 = 4*z - q, 5*z + 0*q = -q + 10. Suppose z*p + 27 = 261. List the prime factors of p.
2, 3, 13
Suppose v + 0*v = 2*y - 19, 17 = y + 2*v. Let q be (1275/50)/((-3)/(-4)). Suppose -q = -3*w + y. What are the prime factors of w?
3, 5
Let b(o) be the second derivative of 3/2*o**2 - 1/12*o**4 + 6*o + 0 + 17/6*o**3. What are the prime factors of b(16)?
19
Suppose 2*d - 4*d = -12. Suppose 11*h = d*h + 745. List the prime factors of h.
149
Let n(d) = d**3 + 12*d**2 + 11*d + 4. Let c be n(-11). Let t be (36/(-8))/(3/c). Let b = t - -8. List the prime factors of b.
2
Let z = -9 - 5. Let t = z + 13. List the prime factors of -2 + 9 - (-2 + t).
2, 5
Let b = 13687 + -9285. List the prime factors of b.
2, 31, 71
What are the prime factors of (-45280)/(-12) - (4/(-6) + 2)?
2, 23, 41
Let f be (-3 + -1)*(-9)/12. Suppose f*k - 3*b = -k + 36, 0 = -3*k + 2*b + 28. List the prime factors of 1672/48 + 2/k.
5, 7
Let t = -79 + 127. Let i be (t/(-15))/((-6)/15). Suppose -i = 4*c + 4*p - 132, 0 = 5*c - 5*p - 105. List the prime factors of c.
2, 13
Let o(z) = 14*z**3 + 9*z - 166. What are the prime factors of o(7)?
37, 127
Suppose 2784 = 5*y + 4*z, 2*y = 4*y - 4*z - 1108. List the prime factors of y.
2, 139
List the prime factors of -7 - (15/30 + 1865/(-2)).
5, 37
Let k be (-15)/12*(-8)/2. Let l be (4/(-10))/(k/(-50)). Suppose -7*c + 81 = -l*c. List the prime factors of c.
3
Suppose 30*u + 1320 = 36*u. Let f = -96 + u. What are the prime factors of f?
2, 31
Let i(u) = -u**2 - 17*u - 11. Let f be i(-16). Let x be 669/6 - f/(-10). Suppose -2*s + x = z, -57 + 169 = 2*s + 2*z. List the prime factors of s.
2, 7
Let s = 8752 - 5200. What are the prime factors of s?
2, 3, 37
Let y(j) = -j**2 + 11*j + 4. Let h be y(11). Let u(c) = -c**2 - 3*c + 5. Let w be u(h). Let r = 41 + w. List the prime factors of r.
2, 3
Let v(n) = n - 6*n**3 + 27*n**3 + 0*n**2 - 2*n - n**2. Let p be v(-1). Let k = -17 - p. List the prime factors of k.
2
Suppose 2*i = -3 - 7. What are the prime factors of 41*2 + i/(8 - 3)?
3
What are the prime factors of -2 + -3 - (-4 - 6) - -452?
457
Let s be 16/(-14)*7/(-2). Let i be 141/9 + s/(-6). Let a = i + 20. List the prime factors of a.
5, 7
Suppose 5*c + 8 = 3*o, 0 = 4*c - 2*c + o + 12. Let q(n) = -n**3 - 5*n**2 - 7*n + 9. What are the prime factors of q(c)?
3, 7
Suppose 64 = w - 90. Let h = w + -103. List the prime factors of h.
3, 17
What are the prime factors of (-2507772)/(-1064) - (-2)/28?
2357
Let q = -20 + 23. Let l(u) = -2*u**2 + 8*u - 4. Let v be l(q). Suppose h - v*h = -24. What are the prime factors of h?
2, 3
Let k(c) = c**3 - 29*c**2 + 26*c 